et o be -9 - 14*(-8)/16. Let s be 99/(-18) - (1/o + 0). Let i(h) = -6*h - 1. Determine i(s).
29
Let x(r) = 26*r**2 - 4*r - 6. Suppose 138*s + 122 = -154. Calculate x(s).
106
Let j(k) = k**2 + k - 2. Let x be j(0). Let l(p) be the third derivative of -17*p**4/24 + 7*p**2 - 20*p. Determine l(x).
34
Let i(t) = -3*t - t**2 - t + 13*t - t + 16. What is i(-6)?
-68
Let o(w) = 22*w - 260*w**2 - 129 + 261*w**2 - 25*w. Determine o(13).
1
Let q(a) = 4*a - 7*a + 4*a - 10 - 2*a. Let i be 8*((-93)/12 - 28/(-4)). What is q(i)?
-4
Let g(r) = -r + 6. Suppose -3*o + 10 = -2*i, 5*i - 9 = 3*o - 25. Let u = 1 - 3. Let a = o + u. Determine g(a).
6
Let z(p) be the first derivative of -7*p**2/2 - 157*p + 6360. Calculate z(-19).
-24
Let s(l) = l**3 + 14*l**2 - 33*l - 10. Let c be s(-16). Let p(b) = 6*b + 186. Let i(u) = u + 27. Let q(x) = -27*i(x) + 4*p(x). Determine q(c).
-3
Let i(x) = 11*x**2 + 14*x - 19. Let k(y) = 15*y**2 + 22*y - 27. Let h(g) = 7*i(g) - 5*k(g). Give h(7).
16
Let u(v) = 14218 - 8*v - 14216 + 26*v. Calculate u(-4).
-70
Let c(j) = 16*j**2 - 41*j - 388. Let l(w) = 17*w**2 - 44*w - 466. Let g(p) = -6*c(p) + 5*l(p). Calculate g(5).
-147
Suppose 101*c + 129 + 75 = 89*c. Let a(w) = -2*w**2 - 35*w - 18. Determine a(c).
-1
Let j(m) be the first derivative of 13*m**2 + 77*m + 11406. Give j(-3).
-1
Let h(i) = 2*i + 9. Let s be h(-6). Let z(x) be the third derivative of x**4/24 - x**3/6 + 8*x**2 - 2*x + 25. What is z(s)?
-4
Suppose b - 18 = 2*d + 6*b, -2*b = -d + 9. Suppose -5*j = -3*j - 10. Let n(x) = 1 + j*x - x - 6*x. Calculate n(d).
-1
Suppose 0 = 16*m + 20*m - 144. Let f(x) = -9*x + 23. Give f(m).
-13
Suppose 19*c + 8*c = 351. Suppose -4 + c = -5*a + 4*g, 2*g - 17 = 5*a. Let b(r) = -r + 6. Calculate b(a).
11
Let p(r) = -r**2 + 9*r - 11. Let g = -43 + 62. Suppose 271 = -9*j + g. Let c = 37 + j. Give p(c).
-11
Let z(o) = o**2 - 110. Suppose 0 = 4*i + 3*f - 497 + 512, 3*f + 15 = 0. What is z(i)?
-110
Let p(d) = d**3 + 2*d**2 - d - 3. Suppose -1384 = -2*q - 2*q + i, 5*i = 0. Let s = q + -349. Determine p(s).
-9
Let u = 1018 + -1010. Let w(n) = 3*n + 3 + 1 - u + 2 + 3. Let j = -5 - -1. What is w(j)?
-11
Let v(r) be the first derivative of 3*r**2/2 + 45*r - 49. Give v(-15).
0
Let r(k) = -185*k**3 + 92*k**3 - 11 - 11*k + 9*k**2 + 92*k**3 + 7*k. Calculate r(8).
21
Suppose x = -g - 2, 0 = -x - 3*g - 20 + 14. Let v(d) = 41*d**2 - 17*d**2 - 25*d**2 - d + 5. What is v(x)?
5
Let q(x) = -x + 2. Suppose -3*d + 588 = 11*d. Suppose -2*p + d = -9*p. What is q(p)?
8
Let x = -388 + 407. Suppose -x*a - 40 - 36 = 0. Let p(w) = -2*w - 5*w + 3*w - w**2 - w - 6. Give p(a).
-2
Let t be (-2)/(-8) + 44/(-48)*-3. Suppose -2*k - t*v + 4 = 0, k - 5*v - 5 - 10 = 0. Let z(r) = r**3 - 4*r**2 - 6*r + 5. Give z(k).
0
Let n(b) = -b**2 - b - 2. Let r(a) = 5*a**2 + 4*a + 7. Suppose -10*j - 21 = -3*j. Let v(d) = j*n(d) - r(d). Determine v(-2).
-7
Let f(d) be the first derivative of -d**4/4 - 25*d**3/3 + 27*d**2 - 5*d - 1164. What is f(-27)?
-5
Suppose -8*d + 5*d + 16 = -2*w, -4*w - 20 = 0. Let o(l) = -13*l**2 - 3140*l + d*l**3 - 3*l**3 - 16 + 3127*l. Calculate o(-12).
-4
Let p(q) be the first derivative of 48*q**2 - 4*q - 1146. Give p(-1).
-100
Let v = 20 - 13. Suppose -4*y + 147 = -v*y. Let c = 55 + y. Let u(s) = s**3 - 7*s**2 + 6*s + 1. Give u(c).
1
Let r = -2369 - -2379. Let k(n) = n**3 - 10*n**2 + 4*n - 14. Let j(o) = -o**3 + 10*o**2 - 3*o + 12. Let z(t) = -3*j(t) - 2*k(t). Determine z(r).
2
Let k(z) = 23*z - 11. Let t(r) = -r**2 - r + 2. Let i(q) = -k(q) + t(q). Determine i(-24).
13
Let z(i) = 3*i - 24. Let k be z(-14). Let y be 1/(-6) - 143/k. Let u(a) = 0*a + a - a**3 + 11 - 8*a**y + a. Determine u(-8).
-5
Let a(c) = -2*c - 10. Suppose 0*y + 4*y = 56. Let l be (-2)/y + (-150)/(-21). Suppose l = -6*f + 5*f. Determine a(f).
4
Let h = 2750 + -2757. Let s(o) = -o**2 - 7*o - 9. Determine s(h).
-9
Let v = -161 + 165. Suppose 11*k - 10*k + 6 = p, v*k + 2*p = -12. Let h(r) = 3*r**2 + 5*r + 6. Calculate h(k).
34
Let q(g) = 2*g + 4. Let t(v) = -2*v**3 - 13*v**2 - 11*v + 5. Let b be t(-6). Let s = -44 + b. Calculate q(s).
-14
Let o = -2324 + 2324. Let y(s) be the first derivative of s**5/120 - 5*s**4/12 + 2*s**3 - 6. Let h(d) be the third derivative of y(d). Give h(o).
-10
Suppose 134*j - 60 = 140*j. Let b(z) = -z - 9. What is b(j)?
1
Let v be (5/(-2))/(2/(2 + 2)). Let f(a) = -6 - 1 - a**3 - 324*a**2 + 3*a + 629*a**2 - 308*a**2. Give f(v).
28
Let o be 0/8 + 20/4. Let k(n) = -o + 2*n + 12 - n. Give k(-3).
4
Let i(c) = 20*c + 267. Let b be i(-14). Let v(u) = u**3 + 13*u**2 + 5*u + 47. What is v(b)?
-18
Let y(u) = 1090*u - 3 + u**2 + 2 - 1091*u. Let s(l) = -l**3 + 4*l**2 - 6*l + 9. Let c(k) = s(k) + 3*y(k). Calculate c(6).
-12
Let o(i) be the first derivative of -i**2 + 11/3*i**3 + i + 84. Give o(1).
10
Suppose -93 = -28*p - 3*p. Suppose 2*t = 3*o + p, -4*o + 1 = -3*t + 4. Let y(f) = f**3 + f**2 - f - 3. What is y(t)?
-18
Let g(f) = 3*f - 1. Let r = 6 - 69. Let o be (-54)/r*84/9. Give g(o).
23
Let g(f) = -150*f + 334. Let l be g(-5). Let q(v) = l*v + v**2 - 537*v - 541*v - 7 + 0. Suppose 5*h = 3*i - 47, 5*h - 2*i = 3*i - 55. Determine q(h).
0
Let v(q) = -149*q - 141*q + 299*q. Let h = -25 + 28. What is v(h)?
27
Let a(c) = -1 - 3 + 3*c - 1. Let v be 10056/(-54) - 16/(-72). Let r = 182 + v. Calculate a(r).
-17
Let n(b) = -16*b - 16. Suppose 33*o - 5*r + 15 = 31*o, -5*r = -3*o - 20. What is n(o)?
64
Let w(v) = 13*v**2 + 42*v + 10. Suppose -59*t = -63*t - 4*i, -i - 2 = 2*t. Let m(z) = 3*z**2 + 10*z + 2. Let f(a) = t*w(a) + 9*m(a). Calculate f(-7).
5
Let d be -2*(1/3)/((-4)/(-6)). Let f(c) = 6*c - 54. Let u(o) = 1. Let i(z) = d*f(z) + 3*u(z). Let b be i(9). Let l(j) = -3*j + 2. Determine l(b).
-7
Let b be 47/3 - 1/(-3). Suppose k = -3*x - k + b, x - 8 = -2*k. Let i(s) = s**2 - 3*s. Let t be i(x). Let j(z) = z + 1. Give j(t).
5
Let b(d) be the first derivative of -d + 1/3*d**3 - 21 + 0*d**2. Determine b(3).
8
Let i(y) = -10*y**3 - 1. Let k be i(-1). Let v(s) = -s + 11. Let q be v(k). Let g(w) = 8*w - w**q - 19*w + 2*w - 2 + 14*w. Give g(2).
4
Let x = -232 + 232. Let a(w) = 6 + w**2 - 127*w + 139*w + x. Give a(-9).
-21
Let y(h) = -12*h + 24*h + 577 - 563 - 18*h + h**2. Determine y(6).
14
Let o(l) = -2*l - 75. Let y(c) = 710*c - 3584. Let h be y(5). What is o(h)?
-7
Let s(v) = -v**3 + 4*v**2 - 6*v + 11. Suppose 302 = 191*f - 271. Give s(f).
2
Let v(g) = -2*g + 2. Suppose 0 = 3*d + 94 - 430. Suppose -11*s = 5*s - d. Give v(s).
-12
Let m(i) be the first derivative of -i**3/3 - 6*i**2 - 26*i + 2005. Give m(-13).
-39
Let k be -3 - ((-3)/((-6)/(-4)) + -12). Let v be 6/(-9) + (-3)/(-9)*k. Suppose 0 = -v*w - 3*d + 21, 2*w - 30 = -3*w - 4*d. Let m(q) = q - 4. Give m(w).
-2
Let v(s) = -2*s**2 + s + 46. Let d be (4 + -3)/((-87)/435). Determine v(d).
-9
Suppose -3*p - 7*p + 30 = 0. Let w(v) = 10*v - 7*v + p - 2*v. Suppose -3*b = b + 24. Give w(b).
-3
Let f = 3939 + -3923. Let z(y) = 2*y**2 - 31*y - 23. Determine z(f).
-7
Let n(m) = m**3 - 3*m**2 - 7*m + 9. Suppose -3462*d = -6917*d + 3462*d - 28. Determine n(d).
-3
Let h = -2940 + 2945. Let l(a) = -2*a**2 - a + 4. Calculate l(h).
-51
Let n(j) be the third derivative of -j**6/120 - 25*j**3/6 + 3564*j**2. Let v be -1*(-2 - -3)*0. Determine n(v).
-25
Let p(n) be the first derivative of 1/360*n**6 - 1/60*n**5 - 9*n**3 + 0*n**2 + 16 - 5/24*n**4 + 0*n. Let r(t) be the third derivative of p(t). What is r(5)?
10
Let r(g) = -174*g + 176*g + 101 - 44. Give r(-31).
-5
Let y(k) = 71 - 26 - 3*k + 8*k - 29 - 25. What is y(2)?
1
Suppose h - 6*h + 5*d = 10, 3*h + 3*d = 18. Let m(a) = -h*a**2 - 7*a + 10 + 2 + 3*a**2. Let k be m(3). Let q(r) = -r - 7. What is q(k)?
-7
Suppose -3*r + 15 = 3*f, 9 = -4*f - r + 20. Let o(x) = -x + 206 + 3*x**f + x**2 - 3*x**2 + 0*x - 216. Calculate o(0).
-10
Let c be 3/(-6 - -3 - (-18)/5). Suppose -c*f - 28 = -0*p + 2*p, -5*p = -5. Let l be (-4)/(-20) + f/5. Let m(t) = -t**3 + t**2 + t. Calculate m(l).
1
Let i(s) be the first derivative of -s**4/4 - 4*s**3/3 - 2*s**2 - 2*s - 2. Let f be ((-4)/(-6))/((-45)/(-540)) + (6 - 18). Calculate i(f).
14
Let u(r) = -2*r**2 - 10*r + 15. Let g be u(-6). Let w(y) be the third derivative of 4*y**2 - 1/6*y**4 + 1/6*y**3 - 1/60*y**5 + 0*y + 0. What is w(g)?
-20
Let m(h) = -h**3 - 9*h**2 + 10*h - 10. Let t(b) = -17*b**3